.
47
Calculate the remainder when 139449 is divided by 76.
65
Calculate the remainder when 176255918 is divided by 3702.
3698
Calculate the remainder when 9799 is divided by 512.
71
What is the remainder when 1937276 is divided by 1937075?
201
Calculate the remainder when 18105931 is divided by 293.
289
Calculate the remainder when 30003873 is divided by 1438.
3
Calculate the remainder when 592861 is divided by 176.
93
Calculate the remainder when 28008 is divided by 5510.
458
What is the remainder when 392062046 is divided by 13?
12
Calculate the remainder when 30781035 is divided by 24.
3
Calculate the remainder when 31243530 is divided by 10414493.
51
Calculate the remainder when 345417 is divided by 1395.
852
Calculate the remainder when 1076344 is divided by 192.
184
What is the remainder when 5778686 is divided by 32?
30
Calculate the remainder when 14670657 is divided by 10.
7
Calculate the remainder when 46364 is divided by 285.
194
What is the remainder when 3711995 is divided by 7166?
7
What is the remainder when 10170384 is divided by 67?
52
Calculate the remainder when 388329244 is divided by 310.
304
Calculate the remainder when 45690 is divided by 1179.
888
Calculate the remainder when 2072444 is divided by 168.
164
What is the remainder when 2182936 is divided by 36382?
16
What is the remainder when 162755 is divided by 20294?
403
Calculate the remainder when 6566148 is divided by 3106.
64
Calculate the remainder when 34596845 is divided by 14.
3
Calculate the remainder when 187501 is divided by 62476.
73
What is the remainder when 13664 is divided by 5637?
2390
What is the remainder when 3800412 is divided by 25502?
614
What is the remainder when 19718774 is divided by 163?
12
Calculate the remainder when 450548 is divided by 1444.
20
Calculate the remainder when 38122 is divided by 297.
106
Calculate the remainder when 126139 is divided by 125372.
767
What is the remainder when 81846 is divided by 6810?
126
What is the remainder when 7621155 is divided by 381?
12
What is the remainder when 15773796 is divided by 56?
52
What is the remainder when 569985 is divided by 284975?
35
What is the remainder when 1502085 is divided by 39528?
21
What is the remainder when 24094191 is divided by 20?
11
Calculate the remainder when 804298 is divided by 179.
51
What is the remainder when 89360 is divided by 11381?
9693
Calculate the remainder when 5549 is divided by 142.
11
Calculate the remainder when 1318126 is divided by 77534.
48
What is the remainder when 1128773 is divided by 1933?
1834
Calculate the remainder when 67420256 is divided by 12.
8
What is the remainder when 34164201 is divided by 1753?
1737
What is the remainder when 41274698 is divided by 9445?
48
Calculate the remainder when 186621719 is divided by 645.
644
Calculate the remainder when 149249764 is divided by 270380.
4
Calculate the remainder when 414774 is divided by 19736.
318
Calculate the remainder when 415114 is divided by 255.
229
What is the remainder when 16039484 is divided by 278?
274
Calculate the remainder when 498304 is divided by 1538.
1530
What is the remainder when 265582 is divided by 88082?
1336
What is the remainder when 567613 is divided by 567457?
156
Calculate the remainder when 166653 is divided by 992.
989
What is the remainder when 14148184 is divided by 762?
130
Calculate the remainder when 3050132 is divided by 139.
55
What is the remainder when 7817 is divided by 1205?
587
What is the remainder when 107289272 is divided by 3381?
3380
What is the remainder when 4129578 is divided by 2064758?
62
Calculate the remainder when 101019202 is divided by 2532.
2530
What is the remainder when 1852572 is divided by 67?
22
What is the remainder when 599814 is divided by 1759?
1754
Calculate the remainder when 7856083 is divided by 872864.
307
Calculate the remainder when 45382672 is divided by 50036.
20
Calculate the remainder when 582157 is divided by 11193.
121
What is the remainder when 57958 is divided by 546?
82
What is the remainder when 807390 is divided by 5391?
4131
What is the remainder when 622846 is divided by 343?
301
What is the remainder when 20716 is divided by 4119?
121
What is the remainder when 212641184 is divided by 2767?
1
What is the remainder when 4716054 is divided by 6815?
74
What is the remainder when 8150437 is divided by 3324?
3313
What is the remainder when 3870326 is divided by 80?
6
What is the remainder when 2797525 is divided by 11560?
5
What is the remainder when 2202472 is divided by 724?
64
Calculate the remainder when 1636656 is divided by 730.
726
Calculate the remainder when 5305479 is divided by 663184.
7
What is the remainder when 10064666 is divided by 165?
161
Calculate the remainder when 20062 is divided by 20018.
44
What is the remainder when 5249236 is divided by 437?
429
Calculate the remainder when 6794511 is divided by 527.
427
What is the remainder when 181238 is divided by 444?
86
What is the remainder when 4195546 is divided by 124?
6
What is the remainder when 80890 is divided by 382?
288
Calculate the remainder when 1628011 is divided by 38.
15
What is the remainder when 91169 is divided by 1928?
553
What is the remainder when 2775 is divided by 1559?
1216
Calculate the remainder when 80562792 is divided by 107274.
18
What is the remainder when 1385581 is divided by 52?
41
What is the remainder when 29549 is divided by 132?
113
What is the remainder when 2842978 is divided by 1421484?
10
What is the remainder when 4061599 is divided by 1015193?
827
Calculate the remainder when 653792 is divided by 72614.
266
What is the remainder when 37944782 is divided by 177312?
14
What is the remainder when 2771548 is divided by 923815?
103
What is the remainder when 10380658 is divided by 215?
28
Calculate the remainder when 23949 is divided by 7043.
2820
Calculate the remainder when 1287314 is divided by 498.
482
Calculate the remainder when 12038862 is divided by 122.
24
Calculate the remainder when 147396 is divided by 847.
18
Calculate the remainder when 1102259 is divided by 16.
3
What is the remainder when 13539266 is divided by 28?
6
Calculate the remainder when 2070075 is divided by 1736.
763
What is the remainder when 21219 is divided by 2950?
569
Calculate the remainder when 8385975 is divided by 48.
39
What is the remainder when 149551 is divided by 3551?
409
Calculate the remainder when 2448482 is divided by 12366.
14
What is the remainder when 42943199 is divided by 25?
24
Calculate the remainder when 4706254 is divided by 147060.
334
What is the remainder when 3396849 is divided by 55?
49
Calculate the remainder when 38894335 is divided by 62.
61
Calculate the remainder when 1810593 is divided by 454.
41
Calculate the remainder when 222028 is divided by 44353.
263
What is the remainder when 1030548 is divided by 13?
12
What is the remainder when 212792 is divided by 212789?
3
What is the remainder when 41053262 is divided by 25248?
14
Calculate the remainder when 5183068 is divided by 422.
64
What is the remainder when 1752064 is divided by 981?
979
What is the remainder when 17972306 is divided by 2031?
2018
Calculate the remainder when 373401 is divided by 1446.
333
What is the remainder when 7519027 is divided by 326912?
51
Calculate the remainder when 2239504 is divided by 111.
79
Calculate the remainder when 72157 is divided by 23954.
295
What is the remainder when 151644 is divided by 869?
438
What is the remainder when 2609521 is divided by 7675?
21
Calculate the remainder when 658489 is divided by 131675.
114
What is the remainder when 352756 is divided by 2220?
1996
What is the remainder when 1999375 is divided by 115?
100
What is the remainder when 3436563 is divided by 23064?
27
Calculate the remainder when 64808 is divided by 4277.
653
Calculate the remainder when 6559093 is divided by 1909.
1678
What is the remainder when 473000 is divided by 27791?
553
Calculate the remainder when 1106071 is divided by 494.
5
Calculate the remainder when 1045416 is divided by 417.
414
What is the remainder when 299338 is divided by 565?
453
What is the remainder when 227435701 is divided by 100?
1
What is the remainder when 18577109 is divided by 76?
49
What is the remainder when 137150 is divide